site number?
False
Suppose o = -4*t + 33, -86 = -2*o - t - 3*t. Suppose -5*k = 5*k - 290. Let b = k + o. Is b a prime number?
False
Let q(n) = -319*n - 79. Is q(-8) a prime number?
True
Suppose 2*z + 3*f - 12 = 0, 4*z + 6*f - 24 = 11*f. Is z a prime number?
False
Is (-4 - 0)/(-12)*753 a prime number?
True
Is (-1)/1*3251*(2 - 3) composite?
False
Let q = 26 - 7. Suppose 4*a - q = 1. Suppose 388 = -0*p + 2*p - 2*o, -2*o - 985 = -a*p. Is p prime?
True
Let h = 26 + -22. Let w be 1529 - 2*(2 - h). Suppose 491 - w = -2*d. Is d prime?
True
Let k = -10400 + 16543. Is k prime?
True
Is 2 - 143/39 - 5200/(-6) prime?
False
Let o(t) = -3*t + 6*t - 1 + 1 + 3 - 3*t**2 - 6*t**3. Let f be o(-5). Suppose j - m - 413 = -81, -m = -2*j + f. Is j a composite number?
False
Suppose 10*m - 6*m - 224 = 0. Let k be m/(-1 - (-39)/36). Suppose -3105 - k = -3*c. Is c prime?
True
Suppose -2398 = -r + 2965. Suppose 6*i - 7 - r = 0. Is i prime?
False
Let h(q) = -q**3 + 30*q**2 - 25*q + 11. Suppose c = -0 + 27. Is h(c) a composite number?
False
Suppose 17*j - 114980 = -3*j. Is j prime?
True
Let l(o) = 6*o. Let x be l(3). Let i = -10 + x. Is 14*(1884/i)/3 prime?
False
Suppose 5*x + 24 = 2*i, 4*x + 14 = 2*i - 3*i. Suppose i*q + 4 = 4*q. Suppose q*l + 290 = 816. Is l prime?
True
Let d(n) = -7*n**3 - 1. Let w(s) be the first derivative of s**2/2 - 13*s + 5. Let y be w(11). Is d(y) a prime number?
False
Let v(f) = -2*f**3 + 4*f**2 + 2*f - 3. Let z be v(4). Is (-12)/16 - z/4 a prime number?
False
Let a be 3/(-3) - (-6707 + 0/2). Suppose -3*x = -s - a - 8525, -3*x + 2*s = -15231. Is x a prime number?
True
Suppose 3*k + k + 2271 = 3*w, 1512 = 2*w - 2*k. Suppose -5*p - 3*c = -423 - w, 5*p + 4*c = 1173. Is p prime?
False
Let g = 55 - 16. Is 13/g + (-946)/(-6) composite?
True
Let s(c) = -375*c - 20. Let f be s(13). Let y = f - -8352. Is y a prime number?
True
Suppose 0 = -2*v - 6*v + 16. Let t(a) = 218*a**2 + 2*a + 1. Is t(v) a composite number?
False
Let r = 35445 + 2214. Is r composite?
True
Let z(f) = -f**3 + f**2 + 6*f**2 - 10*f**2 + 10*f**2 + 7*f. Let a be z(6). Let y = a + -25. Is y composite?
False
Suppose -16047 + 2841 = -6*i. Is i a composite number?
True
Let j(s) be the second derivative of s**5/20 + 2*s**4/3 - s**3/3 - 9*s**2/2 - 8*s. Let g be j(-8). Let z(l) = 17*l - 6. Is z(g) prime?
True
Is (-2)/(-24) + (-525551)/(-156) composite?
True
Is 192465/217 - 2/(-31) composite?
False
Suppose -11*g + 36147 = -58090. Is g a composite number?
True
Let o(u) = -5*u**2 + 7*u**2 + 10*u - u**2 + 3. Let w be o(-10). Suppose w*d - 1449 = -6*d. Is d a composite number?
True
Is (4 + (-169)/39)/(1/(-5883)) a prime number?
False
Let w(o) = 74*o + 1. Let a be w(1). Let u = 65 + a. Suppose 3*l + 709 = 4*v + u, -5*l = -5. Is v composite?
True
Suppose 2*k + 4 = -3*u, -u - 2 - 1 = k. Let c = u - -2. Suppose -c*x + 42 = -x. Is x a prime number?
False
Let x = 13256 + -7345. Is x a prime number?
False
Suppose -10*x + 16808 = -100962. Is x prime?
True
Suppose -975 = 3*z - 2*m, 4*z = -m - m - 1286. Let f = z - -472. Is f prime?
True
Let r(g) = -3*g - 7. Let m be (-2)/1 - (-2)/(-2). Let o be r(m). Suppose o*b = -4*f - 3*b + 4229, -3*f - b = -3180. Is f a composite number?
False
Let t(f) = -140*f + 453. Is t(-47) a composite number?
True
Suppose 2*s + 2*t = 3*t + 13, -t + 12 = 3*s. Suppose -5*q + 11600 = s*v, 3*q + 12*v = 16*v + 6967. Is q a prime number?
False
Let m(i) = 4*i - 23 + 4*i + i**3 + 2*i**2 + 16. Is m(6) composite?
True
Suppose -9 = 5*h + 2*d, 8*h + 7 = 3*h - d. Let m(c) = 4*c - 14. Let a be m(10). Let z = a + h. Is z composite?
True
Let v(f) be the second derivative of 26*f**3/3 + f**2/2 + 2*f. Let h be (-5)/15*(-1 + -8). Is v(h) composite?
False
Let q(b) = -4*b**2 - 4*b + 3. Let t(a) = a**2 - a + 1. Let p(c) = q(c) + 3*t(c). Let s be p(-8). Is (-12)/(-3) + s + 29 composite?
False
Let x(z) = -103*z + 15. Let f(u) = 26*u - 4. Let p(w) = 9*f(w) + 2*x(w). Is p(10) a prime number?
False
Suppose 0 = m - 1 - 1. Suppose m*i + u + 0 = 5, 0 = 2*u + 2. Is (i + (-60)/(-8))*2 a prime number?
False
Let k = 1 + 13. Let c be (-2)/7 - (-32)/k. Suppose s = c*s - 19. Is s a composite number?
False
Let l(i) = 2120*i - 7. Is l(3) a prime number?
True
Let r(s) = 305*s - 7. Is r(12) a prime number?
False
Suppose 62*t = 4142790 + 4247732. Is t a prime number?
False
Suppose 82*q - 87*q - 28316 = -3*k, -2*k = -3*q - 18878. Is k a composite number?
True
Let p = 4 - 6. Let r be 68964/24 - 1/p. Suppose 5*l = -l + r. Is l composite?
False
Suppose 10*z = 408065 + 137165. Is z a composite number?
True
Let h(l) = -3*l**2 + 26*l - 62. Let u = -17 - -6. Let a(y) = y**2 - 9*y + 21. Let m(q) = u*a(q) - 4*h(q). Is m(10) a prime number?
True
Suppose 0 = -2*c - 4*a + 78, 4*c = -a - 2*a + 151. Suppose c = 5*g - 3. Is (-253)/(-2) - (-4)/g a prime number?
True
Let a = -12 + 8. Let j be 3/(3/a) - -665. Let t = -450 + j. Is t composite?
False
Suppose 8*k - 3*k + 945 = 0. Let p = -40 - k. Is p a composite number?
False
Let n = -14602 - -69543. Is n prime?
True
Let h(s) = s**3 + 9*s**2 + 7*s + 4. Let t be 2/(-2)*(-14 + 11). Let m be -3 + 0 + (-1 - t). Is h(m) composite?
False
Suppose -6 = 2*g + 4*j, -5*j = 3*g + 5 + 1. Is g/((-60)/8) - 1494/(-10) a prime number?
True
Let w = -56 + 111. Let t = w - -394. Is t a prime number?
True
Let y be 12/8*76/3. Let n be 1 + -87*2/(-6). Suppose y = 5*j - c - 0*c, -n = -3*j + 3*c. Is j composite?
False
Is (-14)/((-140)/955)*26 composite?
True
Let o = 1727 + -630. Is o a composite number?
False
Let o(d) = 3*d**2 + 21*d + 35. Is o(16) a prime number?
False
Let v = -12 + 85. Let z = -99 + 49. Let n = z + v. Is n a composite number?
False
Suppose -3*u = -5025 - 52290. Is u composite?
True
Is 2/10 + (-648116)/(-70) a composite number?
True
Let n(a) = -10*a - 2 - 10*a - 7 - 2. Is n(-6) prime?
True
Suppose -2*t - 3 = t, -4*p = -4*t - 206016. Is p prime?
True
Let s(o) = 5*o**2 - 3*o - 4. Let i be s(-1). Suppose d + 192 = -i*j + 1824, 0 = 4*j + 4*d - 1620. Is j composite?
False
Let x(f) = f + 15. Let v be x(-11). Suppose v*r + 51 = 4*s + 911, -3*r + s + 649 = 0. Is r prime?
False
Suppose -26*v = -4*v - 18502. Is v composite?
True
Let p = 36208 - -16933. Is p prime?
False
Let c(b) = -83*b - 4. Let l be c(5). Let u = l + 654. Let v = u + -126. Is v prime?
True
Is 192/(-64) - -1*6617 composite?
True
Let d(z) = z**3 - 4*z**2 + 6*z. Let w = 18 + -13. Suppose b - 30 = -w*b. Is d(b) composite?
True
Suppose -a = 2*a + 3. Let m(n) = -226*n**3. Let c be m(a). Suppose -4*o + 2*o - 4*r = -c, -4*r + 448 = 4*o. Is o composite?
True
Let k be 3*(3 - (4 + -2)). Suppose -3*y + 2*f = -1101, k*y + 4*f = 826 + 275. Is y a prime number?
True
Suppose 3*f - 3*h - 16 = 29, h = 5*f - 71. Let t = f - 10. Suppose v - 3*n - 415 = 0, 4*n + 868 + 792 = t*v. Is v a composite number?
True
Let h(n) = 4*n**2 - 17*n - 9. Is h(-11) composite?
True
Let a(q) = -9*q**3 + 7*q**2 - 14*q - 13. Is a(-6) a composite number?
False
Suppose -99*s = -118*s + 72827. Is s composite?
False
Let k(s) = -s**2 - 5*s. Let b = -25 + 20. Let u be k(b). Suppose m + y - 24 = -u*m, -2*m + 60 = -4*y. Is m prime?
False
Let y = -17945 - -28852. Is y a composite number?
True
Let v(a) = -3152*a - 3. Is v(-4) a composite number?
True
Let i(l) = l**3 - 5*l**2 - l + 7. Let p be i(5). Let d be (p/(-3))/(8/(-24)). Suppose -2*r + 2*c = -0*r - 168, -d*c = 5*r - 455. Is r prime?
True
Suppose 4*u - 7 = 3*o, -5*u = -4*u - 3*o - 13. Let d(l) = l**3 + 6*l**2 + 6*l + 4. Let a be d(-5). Is 2674/((-2)/(u - a)) composite?
True
Let n(i) = -i**3 + 7*i**2 - 4*i - 8. Let t be n(6). Is (-11564)/(-7) - (1 - t) a prime number?
False
Let m be -3 - (-3 + -237)/(-5). Let d = 164 + m. Is d a composite number?
False
Let j(m) = -m**3 - 8*m**2 - 4*m - 9. Let p be j(-8). Let g = -1 + p. Is 4/22 + 3582/g a prime number?
True
Let m = 89074 + -38243. Is m prime?
False
Suppose -64290 = -12*l + 33762. Is l a composite number?
False
Suppose -2962 = -4*f + 4*p + p, 0 = 3*f - p - 2227. Is f a composite number?
False
Let o = 22 + -22. Suppose o = -4*a - h - 1962, 865 = -5*a + 4*h - 1577. Is ((-3)/(-2))/((-21)/a) a composite number?
True
Suppose 133*z + 66077 = 144*z. Is z composite?
False
Let g(y) = 1570*y**2 + 43. Is g(-5) a composite number?
False
Suppose 9521 = 7*l - 52212. Is l a prime number?
True
Let m(p) = 